{"id":307,"date":"2024-06-01T19:25:35","date_gmt":"2024-06-01T17:25:35","guid":{"rendered":"https:\/\/atlasdesparisiens.fr\/?page_id=307"},"modified":"2025-05-12T20:10:46","modified_gmt":"2025-05-12T18:10:46","slug":"les-grandes-dates-du-metro","status":"publish","type":"page","link":"https:\/\/atlasdesparisiens.fr\/index.php\/les-grandes-dates-du-metro\/","title":{"rendered":"Les grandes dates du m\u00e9tro"},"content":{"rendered":"\n<!-- If both -->\n\t<ul>\n\t\t\t\t<li>\n\t\t\t\t\t\t<!--date-->\n\t\t\t\t\t01 Jun 2024\t\t\t\t\n\t\t\t<!--\/.date-->\n\t\t\t<!--icon-->\n\t\t\t<!--\/.icon-->\n\t\t\t<!--Timline-Content-->\n\t\t\t\t\t<!--Timline-Title-->\n\t\t\t\t\t<h3>\n\t\t\t\t\t\tJuillet 1900\t\t\t\t\t<\/h3>\n\t\t\t\t\t<!--\/.Timline-Title-->\n\t\t\t\t\t<!--Timline-description-->\n\t\t\t\t\t<p>Ouverture de la ligne 1 du m\u00e9tropolitain parisien entre Porte Maillot et Porte de Vincennes<img loading=\"lazy\" decoding=\"async\" src=\"http:\/\/atlasdesparisiens.fr\/wp-content\/uploads\/2024\/06\/L1-1-300x300.png\" alt=\"\" width=\"50\" height=\"50\"><\/p>\n\t\t\t\t\t<!--\/.Timline-description-->\n\t\t\t<!--\/.Timline-Content-->\n\t\t<\/li>\n\t\t\t\t<li>\n\t\t\t\t\t\t<!--date-->\n\t\t\t\t\t01 Jun 2024\t\t\t\t\n\t\t\t<!--\/.date-->\n\t\t\t<!--icon-->\n\t\t\t<!--\/.icon-->\n\t\t\t<!--Timline-Content-->\n\t\t\t\t\t<!--Timline-Title-->\n\t\t\t\t\t<h3>\n\t\t\t\t\t\t11 mars 1905\t\t\t\t\t<\/h3>\n\t\t\t\t\t<!--\/.Timline-Title-->\n\t\t\t\t\t<!--Timline-description-->\n\t\t\t\t\t<p>Le m\u00e9tro a enfin le droit \u00e0 son inauguration officielle ! Presque 5 ans apr\u00e8s l&rsquo;ouverture de la premi\u00e8re ligne.<img loading=\"lazy\" decoding=\"async\" src=\"http:\/\/atlasdesparisiens.fr\/wp-content\/uploads\/2024\/02\/Train_officiel_11_mars_1905-249x300.png\" alt=\"\" width=\"249\" height=\"300\"><\/p>\n\t\t\t\t\t<!--\/.Timline-description-->\n\t\t\t<!--\/.Timline-Content-->\n\t\t<\/li>\n\t\t\t\t<li>\n\t\t\t\t\t\t<!--date-->\n\t\t\t\t\t01 Jun 2024\t\t\t\t\n\t\t\t<!--\/.date-->\n\t\t\t<!--icon-->\n\t\t\t<!--\/.icon-->\n\t\t\t<!--Timline-Content-->\n\t\t\t\t\t<!--Timline-Title-->\n\t\t\t\t\t<h3>\n\t\t\t\t\t\tF\u00e9vrier 1934\t\t\t\t\t<\/h3>\n\t\t\t\t\t<!--\/.Timline-Title-->\n\t\t\t\t\t<!--Timline-description-->\n\t\t\t\t\t<p>Le m\u00e9tro arrive en banlieue pour la premi\u00e8re fois et dessert la commune de Boulogne sur l&rsquo;actuelle ligne<img loading=\"lazy\" decoding=\"async\" src=\"http:\/\/atlasdesparisiens.fr\/wp-content\/uploads\/2024\/06\/L9-1-300x300.png\" alt=\"\" width=\"50\" height=\"50\"><\/p>\n\t\t\t\t\t<!--\/.Timline-description-->\n\t\t\t<!--\/.Timline-Content-->\n\t\t<\/li>\n\t\t\t\t<li>\n\t\t\t\t\t\t<!--date-->\n\t\t\t\t\t01 Jun 2024\t\t\t\t\n\t\t\t<!--\/.date-->\n\t\t\t<!--icon-->\n\t\t\t<!--\/.icon-->\n\t\t\t<!--Timline-Content-->\n\t\t\t\t\t<!--Timline-Title-->\n\t\t\t\t\t<h3>\n\t\t\t\t\t\t1939\t\t\t\t\t<\/h3>\n\t\t\t\t\t<!--\/.Timline-Title-->\n\t\t\t\t\t<!--Timline-description-->\n\t\t\t\t\t<p>Fermeture de 6 gares pour cause de guerre.<img loading=\"lazy\" decoding=\"async\" src=\"http:\/\/atlasdesparisiens.fr\/wp-content\/uploads\/2024\/06\/L5-1-300x300.png\" alt=\"\" width=\"50\" height=\"50\"><img loading=\"lazy\" decoding=\"async\" src=\"http:\/\/atlasdesparisiens.fr\/wp-content\/uploads\/2024\/06\/L8-1-300x300.png\" alt=\"\" width=\"50\" height=\"50\"><img loading=\"lazy\" decoding=\"async\" src=\"http:\/\/atlasdesparisiens.fr\/wp-content\/uploads\/2024\/06\/L9-1-300x300.png\" alt=\"\" width=\"50\" height=\"50\"><img loading=\"lazy\" decoding=\"async\" src=\"http:\/\/atlasdesparisiens.fr\/wp-content\/uploads\/2024\/06\/L10-1-300x300.png\" alt=\"\" width=\"50\" height=\"50\"><\/p>\n\t\t\t\t\t<!--\/.Timline-description-->\n\t\t\t<!--\/.Timline-Content-->\n\t\t<\/li>\n\t\t\t\t<li>\n\t\t\t\t\t\t<!--date-->\n\t\t\t\t\t01 Jun 2024\t\t\t\t\n\t\t\t<!--\/.date-->\n\t\t\t<!--icon-->\n\t\t\t<!--\/.icon-->\n\t\t\t<!--Timline-Content-->\n\t\t\t\t\t<!--Timline-Title-->\n\t\t\t\t\t<h3>\n\t\t\t\t\t\t15 octobre 1998\t\t\t\t\t<\/h3>\n\t\t\t\t\t<!--\/.Timline-Title-->\n\t\t\t\t\t<!--Timline-description-->\n\t\t\t\t\t<p>Ouverture de la ligne 14, premi\u00e8re ligne totalement automatique. Premier tron\u00e7on : Madeleine &#8211; Biblioth\u00e8que Fran\u00e7ois Mitterrand.<img loading=\"lazy\" decoding=\"async\" src=\"http:\/\/atlasdesparisiens.fr\/wp-content\/uploads\/2024\/06\/L14-1-300x300.png\" alt=\"\" width=\"50\" height=\"50\"><\/p>\n\t\t\t\t\t<!--\/.Timline-description-->\n\t\t\t<!--\/.Timline-Content-->\n\t\t<\/li>\n\t\t\t\t<li>\n\t\t\t\t\t\t<!--date-->\n\t\t\t\t\t01 Jun 2024\t\t\t\t\n\t\t\t<!--\/.date-->\n\t\t\t<!--icon-->\n\t\t\t<!--\/.icon-->\n\t\t\t<!--Timline-Content-->\n\t\t\t\t\t<!--Timline-Title-->\n\t\t\t\t\t<h3>\n\t\t\t\t\t\t13 juin 2024, prolongation de la ligne 11\t\t\t\t\t<\/h3>\n\t\t\t\t\t<!--\/.Timline-Title-->\n\t\t\t\t\t<!--Timline-description-->\n\t\t\t\t\t<p>6 nouvelles stations pour mieux desservir la banlieue Est.<a href=\"https:\/\/atlasdesparisiens.fr\/index.php\/2024\/05\/31\/13-juin-2024-ligne-11-inauguration-de-6-stations\/\"><img loading=\"lazy\" decoding=\"async\" src=\"http:\/\/atlasdesparisiens.fr\/wp-content\/uploads\/2024\/06\/L11-1-300x300.png\" alt=\"\" width=\"50\" height=\"50\"><\/a><\/p>\n\t\t\t\t\t<!--\/.Timline-description-->\n\t\t\t<!--\/.Timline-Content-->\n\t\t<\/li>\n\t\t\t\t<li>\n\t\t\t\t\t\t<!--date-->\n\t\t\t\t\t01 Jun 2024\t\t\t\t\n\t\t\t<!--\/.date-->\n\t\t\t<!--icon-->\n\t\t\t<!--\/.icon-->\n\t\t\t<!--Timline-Content-->\n\t\t\t\t\t<!--Timline-Title-->\n\t\t\t\t\t<h3>\n\t\t\t\t\t\t24 juin 2024, prolongation de la ligne 14\t\t\t\t\t<\/h3>\n\t\t\t\t\t<!--\/.Timline-Title-->\n\t\t\t\t\t<!--Timline-description-->\n\t\t\t\t\t<p>8 nouvelles stations disponibles pour une nouvelle liaison Nord-Sud.<a href=\"https:\/\/atlasdesparisiens.fr\/index.php\/2024\/06\/01\/24-juin-2024-ligne-14-inauguration-de-8-stations\/\"><img loading=\"lazy\" decoding=\"async\" src=\"http:\/\/atlasdesparisiens.fr\/wp-content\/uploads\/2024\/06\/L14-1-300x300.png\" alt=\"\" width=\"50\" height=\"50\"><\/a><\/p>\n\t\t\t\t\t<!--\/.Timline-description-->\n\t\t\t<!--\/.Timline-Content-->\n\t\t<\/li>\n\t\t\t<\/ul>\n\n\n\n<p><\/p>\n","protected":false},"excerpt":{"rendered":"<p>01 Jun 2024 Juillet 1900 Ouverture de la ligne 1 du m\u00e9tropolitain parisien entre Porte Maillot et Porte de Vincennes 01 Jun 2024 11 mars 1905 Le m\u00e9tro a enfin&hellip; <\/p>\n","protected":false},"author":1,"featured_media":0,"parent":0,"menu_order":0,"comment_status":"closed","ping_status":"closed","template":"","meta":{"footnotes":""},"class_list":["post-307","page","type-page","status-publish","hentry"],"_links":{"self":[{"href":"https:\/\/atlasdesparisiens.fr\/index.php\/wp-json\/wp\/v2\/pages\/307","targetHints":{"allow":["GET"]}}],"collection":[{"href":"https:\/\/atlasdesparisiens.fr\/index.php\/wp-json\/wp\/v2\/pages"}],"about":[{"href":"https:\/\/atlasdesparisiens.fr\/index.php\/wp-json\/wp\/v2\/types\/page"}],"author":[{"embeddable":true,"href":"https:\/\/atlasdesparisiens.fr\/index.php\/wp-json\/wp\/v2\/users\/1"}],"replies":[{"embeddable":true,"href":"https:\/\/atlasdesparisiens.fr\/index.php\/wp-json\/wp\/v2\/comments?post=307"}],"version-history":[{"count":21,"href":"https:\/\/atlasdesparisiens.fr\/index.php\/wp-json\/wp\/v2\/pages\/307\/revisions"}],"predecessor-version":[{"id":630,"href":"https:\/\/atlasdesparisiens.fr\/index.php\/wp-json\/wp\/v2\/pages\/307\/revisions\/630"}],"wp:attachment":[{"href":"https:\/\/atlasdesparisiens.fr\/index.php\/wp-json\/wp\/v2\/media?parent=307"}],"curies":[{"name":"wp","href":"https:\/\/api.w.org\/{rel}","templated":true}]}}